{"version":"1.0","provider_name":"Haber Kuzey","provider_url":"https:\/\/haberkuzey.com","author_name":"haberkuzey","author_url":"https:\/\/haberkuzey.com\/index.php\/author\/haberkuzey\/","title":"ABD'de 12 ya\u015f alt\u0131na zay\u0131flama ilac\u0131 kullan\u0131m\u0131 artt\u0131 - Haber Kuzey","type":"rich","width":600,"height":338,"html":"<blockquote class=\"wp-embedded-content\" data-secret=\"BXcGqVmRnq\"><a href=\"https:\/\/haberkuzey.com\/index.php\/2026\/09\/04\/abdde-12-yas-altina-zayiflama-ilaci-kullanimi-artti\/\">ABD&#8217;de 12 ya\u015f alt\u0131na zay\u0131flama ilac\u0131 kullan\u0131m\u0131 artt\u0131<\/a><\/blockquote><iframe sandbox=\"allow-scripts\" security=\"restricted\" src=\"https:\/\/haberkuzey.com\/index.php\/2026\/09\/04\/abdde-12-yas-altina-zayiflama-ilaci-kullanimi-artti\/embed\/#?secret=BXcGqVmRnq\" width=\"600\" height=\"338\" title=\"&#8220;ABD&#8217;de 12 ya\u015f alt\u0131na zay\u0131flama ilac\u0131 kullan\u0131m\u0131 artt\u0131&#8221; &#8212; Haber Kuzey\" data-secret=\"BXcGqVmRnq\" frameborder=\"0\" marginwidth=\"0\" marginheight=\"0\" scrolling=\"no\" class=\"wp-embedded-content\"><\/iframe><script>\n\/*! This file is auto-generated *\/\n!function(d,l){\"use strict\";l.querySelector&&d.addEventListener&&\"undefined\"!=typeof URL&&(d.wp=d.wp||{},d.wp.receiveEmbedMessage||(d.wp.receiveEmbedMessage=function(e){var t=e.data;if((t||t.secret||t.message||t.value)&&!\/[^a-zA-Z0-9]\/.test(t.secret)){for(var s,r,n,a=l.querySelectorAll('iframe[data-secret=\"'+t.secret+'\"]'),o=l.querySelectorAll('blockquote[data-secret=\"'+t.secret+'\"]'),c=new RegExp(\"^https?:$\",\"i\"),i=0;i<o.length;i++)o[i].style.display=\"none\";for(i=0;i<a.length;i++)s=a[i],e.source===s.contentWindow&&(s.removeAttribute(\"style\"),\"height\"===t.message?(1e3<(r=parseInt(t.value,10))?r=1e3:~~r<200&&(r=200),s.height=r):\"link\"===t.message&&(r=new URL(s.getAttribute(\"src\")),n=new URL(t.value),c.test(n.protocol))&&n.host===r.host&&l.activeElement===s&&(d.top.location.href=t.value))}},d.addEventListener(\"message\",d.wp.receiveEmbedMessage,!1),l.addEventListener(\"DOMContentLoaded\",function(){for(var e,t,s=l.querySelectorAll(\"iframe.wp-embedded-content\"),r=0;r<s.length;r++)(t=(e=s[r]).getAttribute(\"data-secret\"))||(t=Math.random().toString(36).substring(2,12),e.src+=\"#?secret=\"+t,e.setAttribute(\"data-secret\",t)),e.contentWindow.postMessage({message:\"ready\",secret:t},\"*\")},!1)))}(window,document);\n\/\/# sourceURL=https:\/\/haberkuzey.com\/wp-includes\/js\/wp-embed.min.js\n<\/script>\n","thumbnail_url":"https:\/\/trthaberstatic.cdn.wp.trt.com.tr\/resimler\/2102000\/kilo-verme-ilaci-2103543.jpg","thumbnail_width":600,"thumbnail_height":338,"description":"&#13; Pediatrics dergisinde yay\u0131mlanan ara\u015ft\u0131rmada, obezite tan\u0131s\u0131 bulunan ve diyabet hastas\u0131 olmayan 8-11 ya\u015flar\u0131ndaki 3,5 milyondan fazla \u00e7ocu\u011fun verileri incelendi. &#13; Ara\u015ft\u0131rmaya g\u00f6re, GLP-1 grubu ila\u00e7lar\u0131n re\u00e7ete edilme oran\u0131 2019&#8217;da y\u00fczde 0,03 iken, haziran itibar\u0131yla y\u00fczde 9,3&#8217;e y\u00fckseldi. &#13; S\u00f6z konusu ila\u00e7lar 12 ya\u015f alt\u0131ndaki \u00e7ocuklar\u0131n kullan\u0131m\u0131 i\u00e7in onayl\u0131 olmasa da klinik k\u0131lavuzlar\u0131n, baz\u0131 durumlarda [&hellip;]"}

ABD'de 12 yaş altına zayıflama ilacı kullanımı arttı - Haber Kuzey

<blockquote class="wp-embedded-content" data-secret="BXcGqVmRnq"><a href="https://haberkuzey.com/index.php/2026/09/04/abdde-12-yas-altina-zayiflama-ilaci-kullanimi-artti/">ABD&#8217;de 12 yaş altına zayıflama ilacı kullanımı arttı</a></blockquote><iframe sandbox="allow-scripts" security="restricted" src="https://haberkuzey.com/index.php/2026/09/04/abdde-12-yas-altina-zayiflama-ilaci-kullanimi-artti/embed/#?secret=BXcGqVmRnq" width="600" height="338" title="&#8220;ABD&#8217;de 12 yaş altına zayıflama ilacı kullanımı arttı&#8221; &#8212; Haber Kuzey" data-secret="BXcGqVmRnq" frameborder="0" marginwidth="0" marginheight="0" scrolling="no" class="wp-embedded-content"></iframe><script>
/*! This file is auto-generated */
!function(d,l){"use strict";l.querySelector&&d.addEventListener&&"undefined"!=typeof URL&&(d.wp=d.wp||{},d.wp.receiveEmbedMessage||(d.wp.receiveEmbedMessage=function(e){var t=e.data;if((t||t.secret||t.message||t.value)&&!/[^a-zA-Z0-9]/.test(t.secret)){for(var s,r,n,a=l.querySelectorAll('iframe[data-secret="'+t.secret+'"]'),o=l.querySelectorAll('blockquote[data-secret="'+t.secret+'"]'),c=new RegExp("^https?:$","i"),i=0;i<o.length;i++)o[i].style.display="none";for(i=0;i<a.length;i++)s=a[i],e.source===s.contentWindow&&(s.removeAttribute("style"),"height"===t.message?(1e3<(r=parseInt(t.value,10))?r=1e3:~~r<200&&(r=200),s.height=r):"link"===t.message&&(r=new URL(s.getAttribute("src")),n=new URL(t.value),c.test(n.protocol))&&n.host===r.host&&l.activeElement===s&&(d.top.location.href=t.value))}},d.addEventListener("message",d.wp.receiveEmbedMessage,!1),l.addEventListener("DOMContentLoaded",function(){for(var e,t,s=l.querySelectorAll("iframe.wp-embedded-content"),r=0;r<s.length;r++)(t=(e=s[r]).getAttribute("data-secret"))||(t=Math.random().toString(36).substring(2,12),e.src+="#?secret="+t,e.setAttribute("data-secret",t)),e.contentWindow.postMessage({message:"ready",secret:t},"*")},!1)))}(window,document);
//# sourceURL=https://haberkuzey.com/wp-includes/js/wp-embed.min.js
</script>

&#13; Pediatrics dergisinde yayımlanan araştırmada, obezite tanısı bulunan ve diyabet hastası olmayan 8-11 yaşlarındaki 3,5 milyondan fazla çocuğun verileri incelendi. &#13; Araştırmaya göre, GLP-1 grubu ilaçların reçete edilme oranı 2019&#8217;da yüzde 0,03 iken, haziran itibarıyla yüzde 9,3&#8217;e yükseldi. &#13; Söz konusu ilaçlar 12 yaş altındaki çocukların kullanımı için onaylı olmasa da klinik kılavuzların, bazı durumlarda [&hellip;]
