{"version":"1.0","provider_name":"Haber Kuzey","provider_url":"https:\/\/haberkuzey.com","author_name":"haberkuzey","author_url":"https:\/\/haberkuzey.com\/index.php\/author\/haberkuzey\/","title":"Pertev: Denizlerimiz tehlikede - Haber Kuzey","type":"rich","width":600,"height":338,"html":"<blockquote class=\"wp-embedded-content\" data-secret=\"T4FZjXAntz\"><a href=\"https:\/\/haberkuzey.com\/index.php\/2026\/05\/03\/pertev-denizlerimiz-tehlikede\/\">Pertev: Denizlerimiz tehlikede<\/a><\/blockquote><iframe sandbox=\"allow-scripts\" security=\"restricted\" src=\"https:\/\/haberkuzey.com\/index.php\/2026\/05\/03\/pertev-denizlerimiz-tehlikede\/embed\/#?secret=T4FZjXAntz\" width=\"600\" height=\"338\" title=\"&#8220;Pertev: Denizlerimiz tehlikede&#8221; &#8212; Haber Kuzey\" data-secret=\"T4FZjXAntz\" frameborder=\"0\" marginwidth=\"0\" marginheight=\"0\" scrolling=\"no\" class=\"wp-embedded-content\"><\/iframe><script type=\"text\/javascript\">\n\/* <![CDATA[ *\/\n\/*! This file is auto-generated *\/\n!function(d,l){\"use strict\";l.querySelector&&d.addEventListener&&\"undefined\"!=typeof URL&&(d.wp=d.wp||{},d.wp.receiveEmbedMessage||(d.wp.receiveEmbedMessage=function(e){var t=e.data;if((t||t.secret||t.message||t.value)&&!\/[^a-zA-Z0-9]\/.test(t.secret)){for(var s,r,n,a=l.querySelectorAll('iframe[data-secret=\"'+t.secret+'\"]'),o=l.querySelectorAll('blockquote[data-secret=\"'+t.secret+'\"]'),c=new RegExp(\"^https?:$\",\"i\"),i=0;i<o.length;i++)o[i].style.display=\"none\";for(i=0;i<a.length;i++)s=a[i],e.source===s.contentWindow&&(s.removeAttribute(\"style\"),\"height\"===t.message?(1e3<(r=parseInt(t.value,10))?r=1e3:~~r<200&&(r=200),s.height=r):\"link\"===t.message&&(r=new URL(s.getAttribute(\"src\")),n=new URL(t.value),c.test(n.protocol))&&n.host===r.host&&l.activeElement===s&&(d.top.location.href=t.value))}},d.addEventListener(\"message\",d.wp.receiveEmbedMessage,!1),l.addEventListener(\"DOMContentLoaded\",function(){for(var e,t,s=l.querySelectorAll(\"iframe.wp-embedded-content\"),r=0;r<s.length;r++)(t=(e=s[r]).getAttribute(\"data-secret\"))||(t=Math.random().toString(36).substring(2,12),e.src+=\"#?secret=\"+t,e.setAttribute(\"data-secret\",t)),e.contentWindow.postMessage({message:\"ready\",secret:t},\"*\")},!1)))}(window,document);\n\/\/# sourceURL=https:\/\/haberkuzey.com\/wp-includes\/js\/wp-embed.min.js\n\/* ]]> *\/\n<\/script>\n","thumbnail_url":"https:\/\/haberkuzey.com\/wp-content\/uploads\/2026\/05\/1744530885362rasit-pertev-3.webp","thumbnail_width":1280,"thumbnail_height":720,"description":"Tar\u0131m ve Orman Eski Bakan\u0131 Ra\u015fit Pertev, iklim de\u011fi\u015fikli\u011fi nedeniyle denizlerimizde ya\u015fanan de\u011fi\u015fimin y\u0131llard\u0131r birikti\u011fini ve art\u0131k g\u00f6zle g\u00f6r\u00fcl\u00fcr hale geldi\u011fini belirterek \u00f6nemli uyar\u0131larda bulundu. Pertev, deniz s\u0131cakl\u0131klar\u0131ndaki art\u0131\u015f\u0131n san\u0131ld\u0131\u011f\u0131ndan \u00e7ok daha ciddi sonu\u00e7lar do\u011furdu\u011funu ifade ederek \u015fu bilgileri payla\u015ft\u0131: \u201c1974\u2019ten itibaren denizlerimizin ortalama s\u0131cakl\u0131\u011f\u0131 yakla\u015f\u0131k +2 derece artm\u0131\u015ft\u0131r. Daha \u00e7arp\u0131c\u0131 olan ise, 2004\u2019ten bu [&hellip;]"}

Tarım ve Orman Eski Bakanı Raşit Pertev, iklim değişikliği nedeniyle denizlerimizde yaşanan değişimin yıllardır biriktiğini ve artık gözle görülür hale geldiğini belirterek önemli uyarılarda bulundu. Pertev, deniz sıcaklıklarındaki artışın sanıldığından çok daha ciddi sonuçlar doğurduğunu ifade ederek şu bilgileri paylaştı: “1974’ten itibaren denizlerimizin ortalama sıcaklığı yaklaşık +2 derece artmıştır. Daha çarpıcı olan ise, 2004’ten bu [&hellip;]
