{"version":"1.0","provider_name":"Haber Kuzey","provider_url":"https:\/\/haberkuzey.com","author_name":"haberkuzey","author_url":"https:\/\/haberkuzey.com\/index.php\/author\/haberkuzey\/","title":"Uluslararas\u0131 Uzay Kongresi Sydney&#039;de ba\u015fl\u0131yor - Haber Kuzey","type":"rich","width":600,"height":338,"html":"<blockquote class=\"wp-embedded-content\" data-secret=\"I8yqSKRwOI\"><a href=\"https:\/\/haberkuzey.com\/index.php\/2025\/09\/29\/uluslararasi-uzay-kongresi-sydneyde-basliyor\/\">Uluslararas\u0131 Uzay Kongresi Sydney&#039;de ba\u015fl\u0131yor<\/a><\/blockquote><iframe sandbox=\"allow-scripts\" security=\"restricted\" src=\"https:\/\/haberkuzey.com\/index.php\/2025\/09\/29\/uluslararasi-uzay-kongresi-sydneyde-basliyor\/embed\/#?secret=I8yqSKRwOI\" width=\"600\" height=\"338\" title=\"&#8220;Uluslararas\u0131 Uzay Kongresi Sydney&#039;de ba\u015fl\u0131yor&#8221; &#8212; Haber Kuzey\" data-secret=\"I8yqSKRwOI\" frameborder=\"0\" marginwidth=\"0\" marginheight=\"0\" scrolling=\"no\" class=\"wp-embedded-content\"><\/iframe><script type=\"text\/javascript\">\n\/* <![CDATA[ *\/\n\/*! This file is auto-generated *\/\n!function(d,l){\"use strict\";l.querySelector&&d.addEventListener&&\"undefined\"!=typeof URL&&(d.wp=d.wp||{},d.wp.receiveEmbedMessage||(d.wp.receiveEmbedMessage=function(e){var t=e.data;if((t||t.secret||t.message||t.value)&&!\/[^a-zA-Z0-9]\/.test(t.secret)){for(var s,r,n,a=l.querySelectorAll('iframe[data-secret=\"'+t.secret+'\"]'),o=l.querySelectorAll('blockquote[data-secret=\"'+t.secret+'\"]'),c=new RegExp(\"^https?:$\",\"i\"),i=0;i<o.length;i++)o[i].style.display=\"none\";for(i=0;i<a.length;i++)s=a[i],e.source===s.contentWindow&&(s.removeAttribute(\"style\"),\"height\"===t.message?(1e3<(r=parseInt(t.value,10))?r=1e3:~~r<200&&(r=200),s.height=r):\"link\"===t.message&&(r=new URL(s.getAttribute(\"src\")),n=new URL(t.value),c.test(n.protocol))&&n.host===r.host&&l.activeElement===s&&(d.top.location.href=t.value))}},d.addEventListener(\"message\",d.wp.receiveEmbedMessage,!1),l.addEventListener(\"DOMContentLoaded\",function(){for(var e,t,s=l.querySelectorAll(\"iframe.wp-embedded-content\"),r=0;r<s.length;r++)(t=(e=s[r]).getAttribute(\"data-secret\"))||(t=Math.random().toString(36).substring(2,12),e.src+=\"#?secret=\"+t,e.setAttribute(\"data-secret\",t)),e.contentWindow.postMessage({message:\"ready\",secret:t},\"*\")},!1)))}(window,document);\n\/\/# sourceURL=https:\/\/haberkuzey.com\/wp-includes\/js\/wp-embed.min.js\n\/* ]]> *\/\n<\/script>\n","thumbnail_url":"https:\/\/trthaberstatic.cdn.wp.trt.com.tr\/resimler\/2042000\/avustralya-sidney-sydney-reu-2042901.jpg","thumbnail_width":600,"thumbnail_height":338,"description":"&#13; Sanayi ve Teknoloji Bakanl\u0131\u011f\u0131ndan yap\u0131lan a\u00e7\u0131klamaya g\u00f6re, 29 Eyl\u00fcl-3 Ekim&#8217;de Sydney&#8217;de d\u00fczenlenecek IAC 2025&#8217;te T\u00fcrkiye pavilyonu da sahne alacak. T\u00fcrkiye Uzay Ajans\u0131&#8217;n\u0131n (TUA) pavilyonunda SAHA \u0130stanbul, ASELSAN, Ctech, DeltaV, Poloptech, ROKETSAN, Technocar, TUSA\u015e, T\u00dcB\u0130TAK Uzay, T\u00fcrksat, \u0130T\u00dc ve ODT\u00dc T\u00fcrkiye&#8217;nin uzay alan\u0131ndaki teknolojik yetkinliklerini, bilimsel kapasitesini ve i\u015fbirli\u011fine dayal\u0131 yakla\u015f\u0131m\u0131n\u0131 d\u00fcnya kamuoyuyla bulu\u015fturacak. &#13; [&hellip;]"}

Uluslararası Uzay Kongresi Sydney&#039;de başlıyor - Haber Kuzey

<blockquote class="wp-embedded-content" data-secret="I8yqSKRwOI"><a href="https://haberkuzey.com/index.php/2025/09/29/uluslararasi-uzay-kongresi-sydneyde-basliyor/">Uluslararası Uzay Kongresi Sydney&#039;de başlıyor</a></blockquote><iframe sandbox="allow-scripts" security="restricted" src="https://haberkuzey.com/index.php/2025/09/29/uluslararasi-uzay-kongresi-sydneyde-basliyor/embed/#?secret=I8yqSKRwOI" width="600" height="338" title="&#8220;Uluslararası Uzay Kongresi Sydney&#039;de başlıyor&#8221; &#8212; Haber Kuzey" data-secret="I8yqSKRwOI" frameborder="0" marginwidth="0" marginheight="0" scrolling="no" class="wp-embedded-content"></iframe><script type="text/javascript">
/* <![CDATA[ */
/*! This file is auto-generated */
!function(d,l){"use strict";l.querySelector&&d.addEventListener&&"undefined"!=typeof URL&&(d.wp=d.wp||{},d.wp.receiveEmbedMessage||(d.wp.receiveEmbedMessage=function(e){var t=e.data;if((t||t.secret||t.message||t.value)&&!/[^a-zA-Z0-9]/.test(t.secret)){for(var s,r,n,a=l.querySelectorAll('iframe[data-secret="'+t.secret+'"]'),o=l.querySelectorAll('blockquote[data-secret="'+t.secret+'"]'),c=new RegExp("^https?:$","i"),i=0;i<o.length;i++)o[i].style.display="none";for(i=0;i<a.length;i++)s=a[i],e.source===s.contentWindow&&(s.removeAttribute("style"),"height"===t.message?(1e3<(r=parseInt(t.value,10))?r=1e3:~~r<200&&(r=200),s.height=r):"link"===t.message&&(r=new URL(s.getAttribute("src")),n=new URL(t.value),c.test(n.protocol))&&n.host===r.host&&l.activeElement===s&&(d.top.location.href=t.value))}},d.addEventListener("message",d.wp.receiveEmbedMessage,!1),l.addEventListener("DOMContentLoaded",function(){for(var e,t,s=l.querySelectorAll("iframe.wp-embedded-content"),r=0;r<s.length;r++)(t=(e=s[r]).getAttribute("data-secret"))||(t=Math.random().toString(36).substring(2,12),e.src+="#?secret="+t,e.setAttribute("data-secret",t)),e.contentWindow.postMessage({message:"ready",secret:t},"*")},!1)))}(window,document);
//# sourceURL=https://haberkuzey.com/wp-includes/js/wp-embed.min.js
/* ]]> */
</script>

&#13; Sanayi ve Teknoloji Bakanlığından yapılan açıklamaya göre, 29 Eylül-3 Ekim&#8217;de Sydney&#8217;de düzenlenecek IAC 2025&#8217;te Türkiye pavilyonu da sahne alacak. Türkiye Uzay Ajansı&#8217;nın (TUA) pavilyonunda SAHA İstanbul, ASELSAN, Ctech, DeltaV, Poloptech, ROKETSAN, Technocar, TUSAŞ, TÜBİTAK Uzay, Türksat, İTÜ ve ODTÜ Türkiye&#8217;nin uzay alanındaki teknolojik yetkinliklerini, bilimsel kapasitesini ve işbirliğine dayalı yaklaşımını dünya kamuoyuyla buluşturacak. &#13; [&hellip;]
