{"version":"1.0","provider_name":"Haber Kuzey","provider_url":"https:\/\/haberkuzey.com","author_name":"haberkuzey","author_url":"https:\/\/haberkuzey.com\/index.php\/author\/haberkuzey\/","title":"\u0130mamo\u011flu\u2019nun avukat\u0131 g\u00f6zalt\u0131na al\u0131nd\u0131 - Haber Kuzey","type":"rich","width":600,"height":338,"html":"<blockquote class=\"wp-embedded-content\" data-secret=\"MuTvc6q4en\"><a href=\"https:\/\/haberkuzey.com\/index.php\/2025\/03\/28\/imamoglunun-avukati-gozaltina-alindi\/\">\u0130mamo\u011flu\u2019nun avukat\u0131 g\u00f6zalt\u0131na al\u0131nd\u0131<\/a><\/blockquote><iframe sandbox=\"allow-scripts\" security=\"restricted\" src=\"https:\/\/haberkuzey.com\/index.php\/2025\/03\/28\/imamoglunun-avukati-gozaltina-alindi\/embed\/#?secret=MuTvc6q4en\" width=\"600\" height=\"338\" title=\"&#8220;\u0130mamo\u011flu\u2019nun avukat\u0131 g\u00f6zalt\u0131na al\u0131nd\u0131&#8221; &#8212; Haber Kuzey\" data-secret=\"MuTvc6q4en\" frameborder=\"0\" marginwidth=\"0\" marginheight=\"0\" scrolling=\"no\" class=\"wp-embedded-content\"><\/iframe><script type=\"text\/javascript\">\n\/* <![CDATA[ *\/\n\/*! This file is auto-generated *\/\n!function(d,l){\"use strict\";l.querySelector&&d.addEventListener&&\"undefined\"!=typeof URL&&(d.wp=d.wp||{},d.wp.receiveEmbedMessage||(d.wp.receiveEmbedMessage=function(e){var t=e.data;if((t||t.secret||t.message||t.value)&&!\/[^a-zA-Z0-9]\/.test(t.secret)){for(var s,r,n,a=l.querySelectorAll('iframe[data-secret=\"'+t.secret+'\"]'),o=l.querySelectorAll('blockquote[data-secret=\"'+t.secret+'\"]'),c=new RegExp(\"^https?:$\",\"i\"),i=0;i<o.length;i++)o[i].style.display=\"none\";for(i=0;i<a.length;i++)s=a[i],e.source===s.contentWindow&&(s.removeAttribute(\"style\"),\"height\"===t.message?(1e3<(r=parseInt(t.value,10))?r=1e3:~~r<200&&(r=200),s.height=r):\"link\"===t.message&&(r=new URL(s.getAttribute(\"src\")),n=new URL(t.value),c.test(n.protocol))&&n.host===r.host&&l.activeElement===s&&(d.top.location.href=t.value))}},d.addEventListener(\"message\",d.wp.receiveEmbedMessage,!1),l.addEventListener(\"DOMContentLoaded\",function(){for(var e,t,s=l.querySelectorAll(\"iframe.wp-embedded-content\"),r=0;r<s.length;r++)(t=(e=s[r]).getAttribute(\"data-secret\"))||(t=Math.random().toString(36).substring(2,12),e.src+=\"#?secret=\"+t,e.setAttribute(\"data-secret\",t)),e.contentWindow.postMessage({message:\"ready\",secret:t},\"*\")},!1)))}(window,document);\n\/\/# sourceURL=https:\/\/haberkuzey.com\/wp-includes\/js\/wp-embed.min.js\n\/* ]]> *\/\n<\/script>\n","thumbnail_url":"https:\/\/brtk.net\/wp-content\/uploads\/2025\/03\/28\/1743147710540229718-scaled.jpeg?ver=5a298764a0d3276b76c90375335f4289","thumbnail_width":600,"thumbnail_height":400,"description":"\u0130stanbul Cumhuriyet Ba\u015fsavc\u0131l\u0131\u011f\u0131nca y\u00fcr\u00fct\u00fclen yolsuzluk soru\u015fturmas\u0131 kapsam\u0131nda \u0130stanbul B\u00fcy\u00fck\u015fehir Belediye (\u0130BB) Ba\u015fkanl\u0131\u011f\u0131 g\u00f6revinden uzakla\u015ft\u0131r\u0131lan ve tutuklanan Ekrem \u0130mamo\u011flu\u2019nun avukat\u0131 Mehmet Pehlivan g\u00f6zalt\u0131na al\u0131nd\u0131. \u0130stanbul Cumhuriyet Ba\u015fsavc\u0131l\u0131\u011f\u0131 Aklama Su\u00e7u Soru\u015fturma B\u00fcrosunca y\u00fcr\u00fct\u00fclen soru\u015fturma kapsam\u0131nda Mehmet Pehlivan hakk\u0131nda \u201csu\u00e7tan kaynaklanan mal varl\u0131\u011f\u0131 de\u011ferlerini aklama\u201d su\u00e7u ve \u201cSu\u00e7 Gelirlerinin Aklanmas\u0131n\u0131n \u00d6nlenmesi Hakk\u0131nda Kanun\u201d kapsam\u0131nda g\u00f6zalt\u0131 karar\u0131 verildi. Bunun [&hellip;]"}

İmamoğlu’nun avukatı gözaltına alındı - Haber Kuzey

<blockquote class="wp-embedded-content" data-secret="MuTvc6q4en"><a href="https://haberkuzey.com/index.php/2025/03/28/imamoglunun-avukati-gozaltina-alindi/">İmamoğlu’nun avukatı gözaltına alındı</a></blockquote><iframe sandbox="allow-scripts" security="restricted" src="https://haberkuzey.com/index.php/2025/03/28/imamoglunun-avukati-gozaltina-alindi/embed/#?secret=MuTvc6q4en" width="600" height="338" title="&#8220;İmamoğlu’nun avukatı gözaltına alındı&#8221; &#8212; Haber Kuzey" data-secret="MuTvc6q4en" frameborder="0" marginwidth="0" marginheight="0" scrolling="no" class="wp-embedded-content"></iframe><script type="text/javascript">
/* <![CDATA[ */
/*! This file is auto-generated */
!function(d,l){"use strict";l.querySelector&&d.addEventListener&&"undefined"!=typeof URL&&(d.wp=d.wp||{},d.wp.receiveEmbedMessage||(d.wp.receiveEmbedMessage=function(e){var t=e.data;if((t||t.secret||t.message||t.value)&&!/[^a-zA-Z0-9]/.test(t.secret)){for(var s,r,n,a=l.querySelectorAll('iframe[data-secret="'+t.secret+'"]'),o=l.querySelectorAll('blockquote[data-secret="'+t.secret+'"]'),c=new RegExp("^https?:$","i"),i=0;i<o.length;i++)o[i].style.display="none";for(i=0;i<a.length;i++)s=a[i],e.source===s.contentWindow&&(s.removeAttribute("style"),"height"===t.message?(1e3<(r=parseInt(t.value,10))?r=1e3:~~r<200&&(r=200),s.height=r):"link"===t.message&&(r=new URL(s.getAttribute("src")),n=new URL(t.value),c.test(n.protocol))&&n.host===r.host&&l.activeElement===s&&(d.top.location.href=t.value))}},d.addEventListener("message",d.wp.receiveEmbedMessage,!1),l.addEventListener("DOMContentLoaded",function(){for(var e,t,s=l.querySelectorAll("iframe.wp-embedded-content"),r=0;r<s.length;r++)(t=(e=s[r]).getAttribute("data-secret"))||(t=Math.random().toString(36).substring(2,12),e.src+="#?secret="+t,e.setAttribute("data-secret",t)),e.contentWindow.postMessage({message:"ready",secret:t},"*")},!1)))}(window,document);
//# sourceURL=https://haberkuzey.com/wp-includes/js/wp-embed.min.js
/* ]]> */
</script>

İstanbul Cumhuriyet Başsavcılığınca yürütülen yolsuzluk soruşturması kapsamında İstanbul Büyükşehir Belediye (İBB) Başkanlığı görevinden uzaklaştırılan ve tutuklanan Ekrem İmamoğlu’nun avukatı Mehmet Pehlivan gözaltına alındı. İstanbul Cumhuriyet Başsavcılığı Aklama Suçu Soruşturma Bürosunca yürütülen soruşturma kapsamında Mehmet Pehlivan hakkında “suçtan kaynaklanan mal varlığı değerlerini aklama” suçu ve “Suç Gelirlerinin Aklanmasının Önlenmesi Hakkında Kanun” kapsamında gözaltı kararı verildi. Bunun [&hellip;]
