{"version":"1.0","provider_name":"Haber Kuzey","provider_url":"https:\/\/haberkuzey.com","author_name":"haberkuzey","author_url":"https:\/\/haberkuzey.com\/index.php\/author\/haberkuzey\/","title":"Narin\u2019in \u00f6l\u00fcm nedeni belli oldu - Haber Kuzey","type":"rich","width":600,"height":338,"html":"<blockquote class=\"wp-embedded-content\" data-secret=\"sgfqEZdi9A\"><a href=\"https:\/\/haberkuzey.com\/index.php\/2024\/09\/17\/narinin-olum-nedeni-belli-oldu\/\">Narin\u2019in \u00f6l\u00fcm nedeni belli oldu<\/a><\/blockquote><iframe sandbox=\"allow-scripts\" security=\"restricted\" src=\"https:\/\/haberkuzey.com\/index.php\/2024\/09\/17\/narinin-olum-nedeni-belli-oldu\/embed\/#?secret=sgfqEZdi9A\" width=\"600\" height=\"338\" title=\"&#8220;Narin\u2019in \u00f6l\u00fcm nedeni belli oldu&#8221; &#8212; Haber Kuzey\" data-secret=\"sgfqEZdi9A\" frameborder=\"0\" marginwidth=\"0\" marginheight=\"0\" scrolling=\"no\" class=\"wp-embedded-content\"><\/iframe><script type=\"text\/javascript\">\n\/* <![CDATA[ *\/\n\/*! This file is auto-generated *\/\n!function(d,l){\"use strict\";l.querySelector&&d.addEventListener&&\"undefined\"!=typeof URL&&(d.wp=d.wp||{},d.wp.receiveEmbedMessage||(d.wp.receiveEmbedMessage=function(e){var t=e.data;if((t||t.secret||t.message||t.value)&&!\/[^a-zA-Z0-9]\/.test(t.secret)){for(var s,r,n,a=l.querySelectorAll('iframe[data-secret=\"'+t.secret+'\"]'),o=l.querySelectorAll('blockquote[data-secret=\"'+t.secret+'\"]'),c=new RegExp(\"^https?:$\",\"i\"),i=0;i<o.length;i++)o[i].style.display=\"none\";for(i=0;i<a.length;i++)s=a[i],e.source===s.contentWindow&&(s.removeAttribute(\"style\"),\"height\"===t.message?(1e3<(r=parseInt(t.value,10))?r=1e3:~~r<200&&(r=200),s.height=r):\"link\"===t.message&&(r=new URL(s.getAttribute(\"src\")),n=new URL(t.value),c.test(n.protocol))&&n.host===r.host&&l.activeElement===s&&(d.top.location.href=t.value))}},d.addEventListener(\"message\",d.wp.receiveEmbedMessage,!1),l.addEventListener(\"DOMContentLoaded\",function(){for(var e,t,s=l.querySelectorAll(\"iframe.wp-embedded-content\"),r=0;r<s.length;r++)(t=(e=s[r]).getAttribute(\"data-secret\"))||(t=Math.random().toString(36).substring(2,12),e.src+=\"#?secret=\"+t,e.setAttribute(\"data-secret\",t)),e.contentWindow.postMessage({message:\"ready\",secret:t},\"*\")},!1)))}(window,document);\n\/\/# sourceURL=https:\/\/haberkuzey.com\/wp-includes\/js\/wp-embed.min.js\n\/* ]]> *\/\n<\/script>\n","thumbnail_url":"https:\/\/brtk.net\/wp-content\/uploads\/2024\/09\/13\/kl-scaled.jpg?ver=7643226ad6f42e4da3f69a4e3f93a3e5","thumbnail_width":600,"thumbnail_height":400,"description":"\u00a0Diyarbak\u0131r\u2019da 8 ya\u015f\u0131ndaki Narin G\u00fcran\u2019\u0131n \u2018bo\u011fularak \u00f6ld\u00fcr\u00fcld\u00fc\u011f\u00fc\u2019 tespit edildi.\u00a0 Diyarbak\u0131r\u2019da 8 ya\u015f\u0131ndaki Narin G\u00fcran\u2019\u0131n \u2018bo\u011fularak \u00f6ld\u00fcr\u00fcld\u00fc\u011f\u00fc\u2019 tespit edildi. \u00a0 Merkez Ba\u011flar il\u00e7esinin Tav\u015fantepe Mahallesi\u2019nde 21 A\u011fustos\u2019ta kaybolan ve d\u00fcn E\u011fertutmaz Deresi\u2019nde cans\u0131z bedenine ula\u015f\u0131lan 8 ya\u015f\u0131ndaki Narin G\u00fcran\u2019\u0131n \u00f6l\u00fcm\u00fcne ili\u015fkin Diyarbak\u0131r Cumhuriyet Ba\u015fsavc\u0131l\u0131\u011f\u0131nca y\u00fcr\u00fct\u00fclen soru\u015fturma s\u00fcr\u00fcyor. Soru\u015fturmada, aralar\u0131nda anne Y\u00fcksel ve a\u011fabey Enes G\u00fcran\u2019\u0131n da [&hellip;]"}

Narin’in ölüm nedeni belli oldu - Haber Kuzey

<blockquote class="wp-embedded-content" data-secret="sgfqEZdi9A"><a href="https://haberkuzey.com/index.php/2024/09/17/narinin-olum-nedeni-belli-oldu/">Narin’in ölüm nedeni belli oldu</a></blockquote><iframe sandbox="allow-scripts" security="restricted" src="https://haberkuzey.com/index.php/2024/09/17/narinin-olum-nedeni-belli-oldu/embed/#?secret=sgfqEZdi9A" width="600" height="338" title="&#8220;Narin’in ölüm nedeni belli oldu&#8221; &#8212; Haber Kuzey" data-secret="sgfqEZdi9A" frameborder="0" marginwidth="0" marginheight="0" scrolling="no" class="wp-embedded-content"></iframe><script type="text/javascript">
/* <![CDATA[ */
/*! This file is auto-generated */
!function(d,l){"use strict";l.querySelector&&d.addEventListener&&"undefined"!=typeof URL&&(d.wp=d.wp||{},d.wp.receiveEmbedMessage||(d.wp.receiveEmbedMessage=function(e){var t=e.data;if((t||t.secret||t.message||t.value)&&!/[^a-zA-Z0-9]/.test(t.secret)){for(var s,r,n,a=l.querySelectorAll('iframe[data-secret="'+t.secret+'"]'),o=l.querySelectorAll('blockquote[data-secret="'+t.secret+'"]'),c=new RegExp("^https?:$","i"),i=0;i<o.length;i++)o[i].style.display="none";for(i=0;i<a.length;i++)s=a[i],e.source===s.contentWindow&&(s.removeAttribute("style"),"height"===t.message?(1e3<(r=parseInt(t.value,10))?r=1e3:~~r<200&&(r=200),s.height=r):"link"===t.message&&(r=new URL(s.getAttribute("src")),n=new URL(t.value),c.test(n.protocol))&&n.host===r.host&&l.activeElement===s&&(d.top.location.href=t.value))}},d.addEventListener("message",d.wp.receiveEmbedMessage,!1),l.addEventListener("DOMContentLoaded",function(){for(var e,t,s=l.querySelectorAll("iframe.wp-embedded-content"),r=0;r<s.length;r++)(t=(e=s[r]).getAttribute("data-secret"))||(t=Math.random().toString(36).substring(2,12),e.src+="#?secret="+t,e.setAttribute("data-secret",t)),e.contentWindow.postMessage({message:"ready",secret:t},"*")},!1)))}(window,document);
//# sourceURL=https://haberkuzey.com/wp-includes/js/wp-embed.min.js
/* ]]> */
</script>

Diyarbakır’da 8 yaşındaki Narin Güran’ın ‘boğularak öldürüldüğü’ tespit edildi.  Diyarbakır’da 8 yaşındaki Narin Güran’ın ‘boğularak öldürüldüğü’ tespit edildi.   Merkez Bağlar ilçesinin Tavşantepe Mahallesi’nde 21 Ağustos’ta kaybolan ve dün Eğertutmaz Deresi’nde cansız bedenine ulaşılan 8 yaşındaki Narin Güran’ın ölümüne ilişkin Diyarbakır Cumhuriyet Başsavcılığınca yürütülen soruşturma sürüyor. Soruşturmada, aralarında anne Yüksel ve ağabey Enes Güran’ın da [&hellip;]
