{"version":"1.0","provider_name":"Haber Kuzey","provider_url":"https:\/\/haberkuzey.com","author_name":"haberkuzey","author_url":"https:\/\/haberkuzey.com\/index.php\/author\/haberkuzey\/","title":"Aziz Fedai yar\u0131n Lefke Kabristanl\u0131\u011f\u0131\u2019nda an\u0131l\u0131yor - Haber Kuzey","type":"rich","width":600,"height":338,"html":"<blockquote class=\"wp-embedded-content\" data-secret=\"QlG4w7emyv\"><a href=\"https:\/\/haberkuzey.com\/index.php\/2024\/05\/07\/aziz-fedai-yarin-lefke-kabristanliginda-aniliyor\/\">Aziz Fedai yar\u0131n Lefke Kabristanl\u0131\u011f\u0131\u2019nda an\u0131l\u0131yor<\/a><\/blockquote><iframe sandbox=\"allow-scripts\" security=\"restricted\" src=\"https:\/\/haberkuzey.com\/index.php\/2024\/05\/07\/aziz-fedai-yarin-lefke-kabristanliginda-aniliyor\/embed\/#?secret=QlG4w7emyv\" width=\"600\" height=\"338\" title=\"&#8220;Aziz Fedai yar\u0131n Lefke Kabristanl\u0131\u011f\u0131\u2019nda an\u0131l\u0131yor&#8221; &#8212; Haber Kuzey\" data-secret=\"QlG4w7emyv\" frameborder=\"0\" marginwidth=\"0\" marginheight=\"0\" scrolling=\"no\" class=\"wp-embedded-content\"><\/iframe><script type=\"text\/javascript\">\n\/* <![CDATA[ *\/\n\/*! This file is auto-generated *\/\n!function(d,l){\"use strict\";l.querySelector&&d.addEventListener&&\"undefined\"!=typeof URL&&(d.wp=d.wp||{},d.wp.receiveEmbedMessage||(d.wp.receiveEmbedMessage=function(e){var t=e.data;if((t||t.secret||t.message||t.value)&&!\/[^a-zA-Z0-9]\/.test(t.secret)){for(var s,r,n,a=l.querySelectorAll('iframe[data-secret=\"'+t.secret+'\"]'),o=l.querySelectorAll('blockquote[data-secret=\"'+t.secret+'\"]'),c=new RegExp(\"^https?:$\",\"i\"),i=0;i<o.length;i++)o[i].style.display=\"none\";for(i=0;i<a.length;i++)s=a[i],e.source===s.contentWindow&&(s.removeAttribute(\"style\"),\"height\"===t.message?(1e3<(r=parseInt(t.value,10))?r=1e3:~~r<200&&(r=200),s.height=r):\"link\"===t.message&&(r=new URL(s.getAttribute(\"src\")),n=new URL(t.value),c.test(n.protocol))&&n.host===r.host&&l.activeElement===s&&(d.top.location.href=t.value))}},d.addEventListener(\"message\",d.wp.receiveEmbedMessage,!1),l.addEventListener(\"DOMContentLoaded\",function(){for(var e,t,s=l.querySelectorAll(\"iframe.wp-embedded-content\"),r=0;r<s.length;r++)(t=(e=s[r]).getAttribute(\"data-secret\"))||(t=Math.random().toString(36).substring(2,12),e.src+=\"#?secret=\"+t,e.setAttribute(\"data-secret\",t)),e.contentWindow.postMessage({message:\"ready\",secret:t},\"*\")},!1)))}(window,document);\n\/\/# sourceURL=https:\/\/haberkuzey.com\/wp-includes\/js\/wp-embed.min.js\n\/* ]]> *\/\n<\/script>\n","thumbnail_url":"https:\/\/brtk.net\/wp-content\/uploads\/2024\/05\/07\/aziz-fedai-9.jpg?ver=88dc133fede38db9178f2fb33dbab874","thumbnail_width":299,"thumbnail_height":169,"description":"Lefke Vakf\u0131 Kurucular Heyeti Ba\u015fkan\u0131, Lefke Sancak Serdar\u0131 Aziz Fedai\u2019nin 12. \u00f6l\u00fcm y\u0131ld\u00f6n\u00fcm\u00fc nedeniyle yar\u0131n Lefke Kabristanl\u0131\u011f\u0131\u2019nda mezar\u0131 ba\u015f\u0131nda an\u0131l\u0131yor. Lefke Vakf\u0131\u2019ndan yap\u0131lan yaz\u0131l\u0131 a\u00e7\u0131klamada, Fedai\u2019yi, ebediyete intikal etti\u011fi 8 May\u0131s 2012 tarihinin her y\u0131ld\u00f6n\u00fcm\u00fcnde hasret ve \u00f6zlemle and\u0131klar\u0131 kaydedildi."}

Aziz Fedai yarın Lefke Kabristanlığı’nda anılıyor - Haber Kuzey

<blockquote class="wp-embedded-content" data-secret="QlG4w7emyv"><a href="https://haberkuzey.com/index.php/2024/05/07/aziz-fedai-yarin-lefke-kabristanliginda-aniliyor/">Aziz Fedai yarın Lefke Kabristanlığı’nda anılıyor</a></blockquote><iframe sandbox="allow-scripts" security="restricted" src="https://haberkuzey.com/index.php/2024/05/07/aziz-fedai-yarin-lefke-kabristanliginda-aniliyor/embed/#?secret=QlG4w7emyv" width="600" height="338" title="&#8220;Aziz Fedai yarın Lefke Kabristanlığı’nda anılıyor&#8221; &#8212; Haber Kuzey" data-secret="QlG4w7emyv" frameborder="0" marginwidth="0" marginheight="0" scrolling="no" class="wp-embedded-content"></iframe><script type="text/javascript">
/* <![CDATA[ */
/*! This file is auto-generated */
!function(d,l){"use strict";l.querySelector&&d.addEventListener&&"undefined"!=typeof URL&&(d.wp=d.wp||{},d.wp.receiveEmbedMessage||(d.wp.receiveEmbedMessage=function(e){var t=e.data;if((t||t.secret||t.message||t.value)&&!/[^a-zA-Z0-9]/.test(t.secret)){for(var s,r,n,a=l.querySelectorAll('iframe[data-secret="'+t.secret+'"]'),o=l.querySelectorAll('blockquote[data-secret="'+t.secret+'"]'),c=new RegExp("^https?:$","i"),i=0;i<o.length;i++)o[i].style.display="none";for(i=0;i<a.length;i++)s=a[i],e.source===s.contentWindow&&(s.removeAttribute("style"),"height"===t.message?(1e3<(r=parseInt(t.value,10))?r=1e3:~~r<200&&(r=200),s.height=r):"link"===t.message&&(r=new URL(s.getAttribute("src")),n=new URL(t.value),c.test(n.protocol))&&n.host===r.host&&l.activeElement===s&&(d.top.location.href=t.value))}},d.addEventListener("message",d.wp.receiveEmbedMessage,!1),l.addEventListener("DOMContentLoaded",function(){for(var e,t,s=l.querySelectorAll("iframe.wp-embedded-content"),r=0;r<s.length;r++)(t=(e=s[r]).getAttribute("data-secret"))||(t=Math.random().toString(36).substring(2,12),e.src+="#?secret="+t,e.setAttribute("data-secret",t)),e.contentWindow.postMessage({message:"ready",secret:t},"*")},!1)))}(window,document);
//# sourceURL=https://haberkuzey.com/wp-includes/js/wp-embed.min.js
/* ]]> */
</script>

Lefke Vakfı Kurucular Heyeti Başkanı, Lefke Sancak Serdarı Aziz Fedai’nin 12. ölüm yıldönümü nedeniyle yarın Lefke Kabristanlığı’nda mezarı başında anılıyor. Lefke Vakfı’ndan yapılan yazılı açıklamada, Fedai’yi, ebediyete intikal ettiği 8 Mayıs 2012 tarihinin her yıldönümünde hasret ve özlemle andıkları kaydedildi.
